he remainder when 19 is divided by h.
4
Suppose -12*i = -434 + 26. Calculate the remainder when 96 is divided by i.
28
Let o be 5/(15/(-12)) - (-3 + 0). Calculate the remainder when (-4 + 5)*88 - o is divided by ((-12)/(-5))/((-4)/(-50)).
29
Suppose -2 = -i - 10. Let j be (-3)/6 - 228/i. What is the remainder when 2 is divided by 7/2*16/j?
0
Suppose -x + 2*m = -0*x - 83, -4*x = 2*m - 332. Calculate the remainder when x is divided by 772/60 + (-2)/(-15) - 1.
11
Suppose 0 = -2*w + w + 2. Let y(t) = 3 - 3*t - 2*t - t**w + 0*t**2. Calculate the remainder when y(-3) is divided by 4.
1
Let w(l) = 8*l**3 - 2*l**2 + 2*l - 1. Calculate the remainder when w(2) is divided by 16/(-88) - (-134)/11.
11
Let v(g) = 5*g**2. Let n = 6 + -7. Let m be v(n). Calculate the remainder when 14 is divided by 37/m + (-12)/(-20).
6
Let l = 10 + 5. Let n be 3/(2/24*9). Suppose -y + n*s = -0*s - 45, 0 = -2*y - 2*s + 120. What is the remainder when y is divided by l?
12
Let p(x) be the third derivative of x**6/120 + x**5/12 + x**4/8 + x**3/6 + 10*x**2. Calculate the remainder when 44 is divided by p(-4).
4
Suppose -6 = -4*k - 2. Calculate the remainder when -8 - -8 - ((-69)/3 - -2) is divided by 16 - 3 - k*2.
10
Let z = -517 + 971. What is the remainder when z is divided by 51?
46
Let y = 35 + -62. Let v = 40 + y. Suppose u = v + 18. What is the remainder when u is divided by 8?
7
Let p = 773 - 746. Calculate the remainder when p is divided by 4.
3
Suppose 3*w - 158 = -23. Calculate the remainder when w is divided by 17.
11
Suppose -12*f - 618 = -14*f. Let m = -202 + f. Let v = 29 + -2. What is the remainder when m is divided by v?
26
Suppose 4*k - 3*m = 131, -4*m + 14 = k - 33. Let o(t) = t**2 - 5*t + 6. What is the remainder when k is divided by o(5)?
5
Let t = 86 + 136. Let p = t - 136. What is the remainder when p is divided by 22?
20
Suppose 0 = -5*g - k + 1163, 2*g - 118 = 4*k + 334. Suppose -g + 40 = -3*p. What is the remainder when p is divided by 17?
13
Suppose 110 = 5*x + 15. Suppose -2*h + 3*c - x + 77 = 0, -h + 3*c = -35. Calculate the remainder when h is divided by 12.
11
Suppose -5*h + 199 = n, 7*n - 12*n - 97 = -3*h. Calculate the remainder when h is divided by 14.
11
Let w = 1770 + -1742. Calculate the remainder when 52 is divided by w.
24
Let v = 627 - 602. Calculate the remainder when 53 is divided by v.
3
Let h = -2425 + 2455. Suppose n + 6*z - z - 68 = 0, -z = 5*n - 244. What is the remainder when n is divided by h?
18
Suppose -28*t + 177 = -383. Calculate the remainder when 132 is divided by t.
12
Let t(d) = 21*d - 3. Let q be 5 + -6 + 4/2. Let k(o) = 33*o**2 + 1. Calculate the remainder when k(-1) is divided by t(q).
16
Let r(y) = -y**3 - 30*y**2 - 33*y + 45. Calculate the remainder when r(-29) is divided by 9.
8
Calculate the remainder when 61 is divided by (39/(-52))/(9/(-168)).
5
Let s(m) = 59*m**2 + 4 + 60*m**2 - 3*m + 4 - 120*m**2. Let x = -8 + 21. What is the remainder when x is divided by s(-4)?
1
Calculate the remainder when 28/(-238) - (-903)/17 is divided by 9.
8
Let t be 6/27 - (-151)/9. Suppose 2*c + 22 = 5*f, 3*f - c - t = 4*c. What is the remainder when 15 is divided by f?
3
Suppose 2*p - 5*c = 29, -17*p + 16*p + 5*c = -2. Calculate the remainder when 620 is divided by p.
26
Let v = -27 + 48. Let k = -748 + 760. Calculate the remainder when v is divided by k.
9
What is the remainder when 291 is divided by 8 - (12 - (22 - 9))?
3
Suppose -2*m = 5*t + 146, 0 = -t - 0*m - m - 31. Let s = -6 - t. What is the remainder when s is divided by 6?
4
What is the remainder when (-8)/(-12)*18540/40 is divided by 6?
3
Let y = -1484 + 1500. Calculate the remainder when 37 is divided by y.
5
Suppose 4*q - 17 = 3. Suppose 2*x = q*d + 12, -2*x + 8 = -3*d - 4. Calculate the remainder when x is divided by 3.
0
Let r(g) = 6*g - 31. Let j(y) = 13*y - 63. Let v(w) = -4*j(w) + 9*r(w). What is the remainder when 116 is divided by v(22)?
14
Let s(j) = j**3 + 7*j**2 - 32*j + 3. Calculate the remainder when s(-9) is divided by 26.
25
Let r = -646 - -1003. Calculate the remainder when r is divided by 60.
57
Let z(k) = 2*k**2 - 2*k - 5. Let v be z(5). Let s = v - 24. Let x = 22 + -2. What is the remainder when x is divided by s?
9
Let y(x) = -41*x - 38. What is the remainder when y(-3) is divided by 43?
42
Let k = 31 + -27. Suppose -k*j + 12 = -0*j. Suppose -j*c - 4 = -c, 4*a - 54 = 5*c. What is the remainder when a is divided by 3?
2
Let n be -27*-4*3/18. Let d = -18 + n. Suppose -3*r + 39 = -d*r. What is the remainder when 36 is divided by r?
10
Suppose -34*c = -54*c + 400. What is the remainder when 73 is divided by c?
13
Calculate the remainder when (-612)/(-714)*1638/4 is divided by 51.
45
Suppose -9 = -a + 2*r + 2*r, -3*a + 3*r + 27 = 0. Suppose 4*d - 5 = a*d. What is the remainder when 20 is divided by -4*(d - 9/12)?
6
Let s = 28 + -25. Calculate the remainder when 64/10 - (-2)/(-5) is divided by s.
0
Suppose 0 = -j + 4*b - 10 + 181, -4*j + 3*b = -671. Calculate the remainder when j is divided by 33.
2
Let x be (-77)/(-5) + 2/(-5). Let a(b) = -2*b - 15. Let z be a(-9). Calculate the remainder when 447/15 + z/x is divided by 16.
14
Suppose 233 - 53 = 10*r. What is the remainder when 28 is divided by r?
10
Let z(s) = -6*s**3 + 2*s**2 + s - 1. What is the remainder when z(-2) is divided by 41?
12
Let s(k) = k**2 - 5*k. Let c be s(5). What is the remainder when (10 - 4)*(-5)/(-10) is divided by -3*((-4)/6 - c)?
1
Suppose -31*b - 60967 = -72*b. What is the remainder when b is divided by 12?
11
Let j = 106 + -64. Let q = j + -21. What is the remainder when q is divided by 12?
9
Let f(m) = -2*m**3 - 14*m**2 - 5*m + 10. Calculate the remainder when 493 is divided by f(-7).
43
Let t(g) = -g**3 + 4*g**2 + 4*g - 2. Let l(s) = 36*s - 2. Let k be l(2). Let w = k - 17. What is the remainder when w is divided by t(4)?
11
Let o(x) = 2*x**2 - 41*x + 241. What is the remainder when 1201 is divided by o(5)?
83
What is the remainder when 3*(12/30)/(6/220) is divided by 13?
5
Suppose -3*s - 153 = -36. Let d = s - -90. Let n(u) = u**2 - 5*u + 7. Calculate the remainder when d is divided by n(6).
12
Let j be (22/4)/(17/34). Suppose 4*z = 3*z + 5, -4*b = -z - j. Suppose -b*m - 3*g + 28 = 0, 2*m - g + 1 - 5 = 0. Calculate the remainder when m is divided by 3.
1
Suppose 0 = 8*y - 4*y - q - 1, y + 3*q = -3. Suppose -d + 2*d - 1 = y. What is the remainder when (1 - -1) + (13 - 12) + -2 is divided by d?
0
Let l = -7 + 25. Calculate the remainder when (-629)/(-11) - l/99 is divided by 12.
9
Let h = -45 - 5. Let m = -36 - h. What is the remainder when m is divided by 8?
6
Suppose 4*b + 36 = 10*b. What is the remainder when b is divided by (-2 + 5)/(3/2)?
0
Let s be (7 + -5)*5/2. Suppose -s*h + 0*h - 50 = -2*v, 0 = -5*h + 3*v - 55. Calculate the remainder when 21 is divided by (-2)/h + 188/16.
9
Let h be (-1)/4 - (-114)/8. Suppose 12*o = h*o - 28. Calculate the remainder when 18/2*13/3 is divided by o.
11
Suppose -c = 5, 3*c + 28 = 2*t + c. Suppose m - 9 = t. Let n = -8 - -15. Calculate the remainder when m is divided by n.
4
Let j(q) = q**3 - 7*q**2 + 12*q - 14. Let n be j(8). Let m = n + -141. Calculate the remainder when 77 is divided by m.
2
Suppose -4*l + 13 = 2*n - 3*n, 4*n = 3*l - 13. Suppose l*r + 1 = 19. Suppose -2*t + r*t = 36. What is the remainder when 24 is divided by t?
6
Suppose -14*a + 1137 = -1537. What is the remainder when a is divided by 49?
44
Let t(i) = 126*i**2 - 5*i + 1. Let j be t(1). Let s = j + -35. Calculate the remainder when s is divided by 11.
10
Let n(s) = -2*s**3 - 3*s**2 - 4. Let w = -25 + 3. Let r = 19 + w. What is the remainder when 67 is divided by n(r)?
21
Suppose 120*i - 116*i - 28 = 0. What is the remainder when 264 is divided by i?
5
Suppose -13*q + 360 = -7*q. Calculate the remainder when q is divided by 24.
12
Suppose 4*h + 137 = 3*y, 0*h - 173 = -3*y - 5*h. What is the remainder when 1223 is divided by y?
50
Suppose -g + 135 = -4*l - 0*l, 0 = -3*l + 9. What is the remainder when g is divided by 38?
33
Let a = -439 - -446. What is the remainder when 676 is divided by a?
4
Let y = -1116 + 1155. What is the remainder when 817 is divided by y?
37
Let c = 62 + -34. Let f = 1291 + -1184. What is the remainder when f is divided by c?
23
Let c(q) = q**3